4*(1031/4 + -3). Let u = -352 - p. List the prime factors of u.
23, 29
Let w be ((-32)/6)/((-2)/18). Suppose 48 = -4*k + w. Suppose -c + 3*c - 54 = k. List the prime factors of c.
3
Let x be ((-12)/(-7))/((-6)/(-21)). Let o(y) = y**3 - 7*y**2 + 10*y - 6. Let d be o(x). Suppose f = -f + d. List the prime factors of f.
3
Let c(u) = u**2. Let j(r) = -10*r**2 - 5*r - 6. Let g(h) = 3*c(h) - j(h). List the prime factors of g(-1).
2, 7
Let o = 8235 - 3929. What are the prime factors of o?
2, 2153
Let n(k) = 7*k + 119. Let y be n(-30). What are the prime factors of 1041 + (26/y)/(2/14)?
1039
Suppose 69 = 4*k - 279. Suppose 0 = -72*m + k*m - 3585. What are the prime factors of m?
239
Let n(j) = -2949*j + 1130. List the prime factors of n(-3).
11, 907
Suppose 3*n + 2*j + 3 = 0, -7*j - 18 = -3*n - 2*j. Let x be (-12)/(4 - n)*(-62)/4. What are the prime factors of -2 + 1 + x - -4?
5, 13
Let x(d) = -821*d**3 - 2*d**2 + 24*d + 67. List the prime factors of x(-2).
3, 17, 43
Let s(c) = 95*c - 1594. List the prime factors of s(45).
7, 383
Let g(q) = 5*q**3 - 5*q**2 - 2*q - 3. Let y be (14/(-4) + -1)*(-28)/42. What are the prime factors of g(y)?
3
Let n = 3357 - -11139. What are the prime factors of n?
2, 3, 151
What are the prime factors of ((1548 - -4) + -4)/(57/(-6) - -10)?
2, 3, 43
Let i(a) = -16*a - 227. Let u be i(31). Let f = u + 1500. List the prime factors of f.
3, 7, 37
Let v = -6 - -12. Suppose 8*n - 11*n + 51 = 15*m, -5*m = 3*n - 21. Suppose 5*i - 31 = m*f, -5*i + 2*f = -7*i + v. List the prime factors of i.
5
Let l = 13817 - 6156. List the prime factors of l.
47, 163
Let n = 124 - 115. Suppose 3*j - n = 0, -2*z + 3*j + 131 = -304. List the prime factors of z.
2, 3, 37
Suppose 3*f - 3*i = 104736, -12*f - 104740 = -15*f - i. What are the prime factors of f?
34913
Let j = 10137 - -1017. Suppose j = 12*d + 3882. What are the prime factors of d?
2, 3, 101
Suppose -20*z + 10*z = 100. Let c(g) be the first derivative of g**3/3 - 11*g**2/2 - 31*g - 16. What are the prime factors of c(z)?
179
Let o(t) = -t**3 - t**2 - 3*t + 518. Let w(h) = h**3 + h**2 + 2*h - 516. Let l(n) = -3*o(n) - 4*w(n). What are the prime factors of l(0)?
2, 3, 5, 17
Suppose w + 20 = 5*t, 2*w = t - 2*t - 7. Suppose t*q = 4*r + 2*q + 480, q = 4. What are the prime factors of (-7)/(-28) - r/4?
2, 3, 5
Let g(a) = 38*a - 543*a - 133*a - 186*a + 43 - 564*a. List the prime factors of g(-1).
3, 53
Let v = -146 - -151. Suppose -x - 119 = -g, 2*g - v*x - 49 - 174 = 0. What are the prime factors of g?
2, 31
Suppose 3*z - 3 = 0, -2*k = -55*z + 56*z - 1917. List the prime factors of k.
2, 479
Let q(p) = -p**3 - 17*p**2 - 72*p - 6. Let w be q(-10). Suppose 0 = w*o - 6*o - 4544. What are the prime factors of o?
2, 71
Suppose 18316*k - 231880 = 18311*k. List the prime factors of k.
2, 11, 17, 31
List the prime factors of (-8)/(-6)*(-15 + (-68061)/(-7)).
2, 809
Suppose 25*m - m - 751108 = -52*m. What are the prime factors of m?
9883
Suppose 49*d = 111*d + 141*d - 2675540. What are the prime factors of d?
2, 5, 659
Suppose -4*r = -10*n + 146568, -r = 3*n - 2*r - 43971. List the prime factors of n.
2, 3, 7, 349
Let k = 23407 + -1576. List the prime factors of k.
3, 19, 383
Suppose -7088 - 34259 = -3*z - t, z + t - 13783 = 0. What are the prime factors of z?
2, 3, 2297
Suppose -7*h + 226 = -2*h - d, 132 = 3*h + 3*d. Suppose 0 = 8*j + j - h. Suppose a - 92 = s, -j*a + 101 = s - 371. What are the prime factors of a?
2, 47
Suppose 3*i = -15, 4*i - i = -5*f + 1685. Let w = f + -69. List the prime factors of w.
271
Let m = 21 + -6. Let t be ((-15)/m)/((-2)/4). Suppose g - 4*c - 167 = 0, -6*g + 871 = -g - t*c. List the prime factors of g.
5, 7
Suppose -16681215 - 14769 = -134*k - 170*k. What are the prime factors of k?
3, 18307
Let g be -1 + (-13561)/(-3) + (-44)/(-66). Let b = -2627 + g. List the prime factors of b.
3, 631
Suppose 15*q + 14 = 8*q. Let b be (-110 + q)/2 + -3 + 1. Let d = b - -136. List the prime factors of d.
2, 3, 13
Let o(y) = y**3 + 17*y**2 + 13*y - 6. Suppose -l - 24 = 2*i, -2*l + 3*i - i = 24. Let z be o(l). Let q = z - 0. What are the prime factors of q?
2, 3, 7
Suppose 5*h = -3*j + 68858, 0 = h - 1731 + 1724. What are the prime factors of j?
3, 2549
Let m(r) = -r**2 - 3*r + 48. Let p be m(13). Let t = -11 - p. What are the prime factors of t?
149
Let y be -4*3/(-12)*3. Suppose y*h = 2*v + 833, -263 = -4*h + 3*h - 3*v. Let o = h + -163. What are the prime factors of o?
2, 7
Let z = 4282 - -7734. List the prime factors of z.
2, 751
Let p = -33 + 50. Let t(v) = v**2 - 19*v + 23. Let l be t(p). What are the prime factors of ((-399)/(-6))/7*(1 - l)?
2, 3, 19
Suppose 5*b - 31304 = -8*b. Suppose 2*v = -z + 4*z - b, -4*v = -20. Suppose 7*n - z = 531. What are the prime factors of n?
191
Suppose 5*r = -10, 0*x + x - 2986 = r. Suppose 50*w - x = 48*w. List the prime factors of w.
2, 373
Let m(p) = -p**3 + 8*p**2 + 13*p - 27. Let r be m(9). Let x = r - 12. What are the prime factors of (x/(-6))/(10/1120)?
2, 7
Let d be (29 + -28)/(((-4)/302)/2). Let f = 153 + d. Suppose 168 = f*k + 34. List the prime factors of k.
67
Suppose 15*z = 3*n + 18*z - 11211, z = -3*n + 11215. List the prime factors of n.
3739
Suppose -5*v - 20 = -0*o - 3*o, -3*v + 46 = 4*o. Let q(i) = 13*i + 54. What are the prime factors of q(o)?
2, 23
Let l(a) = 3974*a + 3970. List the prime factors of l(6).
2, 13907
Let u = 250 + -250. Let b(g) = 3*g**3 + g + 922. What are the prime factors of b(u)?
2, 461
Suppose 5*s - 2*j = 4*s - 4, 4*s - j - 19 = 0. Suppose 2499 = i + s*i. What are the prime factors of i?
3, 7, 17
Suppose -13*m = 60*m - 473818 - 190190. List the prime factors of m.
2, 3, 379
Let z(m) = 4*m - 12 + 58 + 11 + 3. Let c be z(-14). What are the prime factors of 171/c - 3/(-12)?
43
Suppose 553418 + 568882 = 18*q. What are the prime factors of q?
2, 5, 29, 43
Suppose 2*k = 4*n - 4916, 7*n - 3*n = -4*k - 9796. Let u = 3479 + k. List the prime factors of u.
13, 79
Let j = 404 + 26. Let l = 486 - j. List the prime factors of l.
2, 7
Suppose 17*i - 582337 - 323940 = -234896. What are the prime factors of i?
73, 541
Suppose 27241 = 3*i - 27239. List the prime factors of i.
2, 5, 227
List the prime factors of (-4494)/(-535)*7685/3.
2, 7, 29, 53
Let j = 416 + -1280. List the prime factors of j/36*(-53)/2.
2, 3, 53
Let z be ((-12)/(-18))/(2/15). Suppose 0 = z*p - 782 - 123. Suppose 3*o - 6*w = -w + 543, -p = -o - 2*w. List the prime factors of o.
181
Let r be (-3310)/(-10) + 0 - (3 + 1). Suppose -1011 = -2*c - 5*p, 2*p = -c + r + 176. What are the prime factors of c?
17, 29
Suppose 15*c = 13*c + 4. Suppose 0 = -c*f - 7 + 3. List the prime factors of (10/2 - -37) + f + 5.
3, 5
Suppose 0 = -f - 2*l - 1434, -6*f + 2*f - 4*l - 5748 = 0. Let r = f + 3171. What are the prime factors of r?
3, 577
What are the prime factors of ((-32)/5)/(16/(11 - 127531)) + -4?
2, 41, 311
Suppose 720 = -3*z + 5*a, -5*a - 459 = 4*z + 466. Let f be z*3*2/(-6). Suppose 0 = -5*j - 4*m + f, 4*j - m - 48 - 140 = 0. What are the prime factors of j?
47
Suppose 38*k - 34*k = 20. Let f(m) = 6*m - 10. Let j be f(k). What are the prime factors of -2*((-5)/j - (-10)/(-8))?
3
Let h be (-19545)/(-60) - (-2)/8. Suppose 0 = -4*g + 1 - 9, -h = -2*t + 3*g. List the prime factors of t.
2, 5
Suppose -5*d + 1788 = 3*n, -3*n - 43*d + 42*d = -1788. Let z = 668 - n. What are the prime factors of z?
2, 3
Let q = -49609 + 78403. List the prime factors of q.
2, 3, 4799
Let k(h) = 12*h + 36. Suppose 10*y = 8*y + 26. What are the prime factors of k(y)?
2, 3
Suppose -3*f - 199737 = -3*w, 5*w = -5*f + 133690 + 199135. What are the prime factors of w?
2, 11, 17, 89
Suppose 0 = -2*o + 4*q + 3984, -2*o + 10*q = 11*q - 3989. List the prime factors of o.
2, 997
Let h be 21/14*(-2)/(-1). Suppose 4*c - 376 = 4*r, h*c = -4*r - 2*c - 421. Let a = r - -218. List the prime factors of a.
7, 17
Suppose -9*n - 6 = -6*n, 4*m + 4*n + 8596 = 0. Let d = m - -3255. What are the prime factors of d?
2, 277
Suppose -4*z + 13 = 33. List the prime factors of (5 - (-35)/z)/(4/(-18)).
3
Let n(h) = 91*h - 222. Suppose 3*x + 38 = 5*z + 111, 3*x - 63 = 3*z. List the prime factors of n(x).
2, 617
Let q(c) = -2*c**2 + 17*c - 8. Let p be q(8). Suppose p = -45*d + 47*d - 282. Suppose -f + 31 = x - 106, f = -2*x +